{"id":29,"date":"2015-02-20T12:59:58","date_gmt":"2015-02-20T12:59:58","guid":{"rendered":"http:\/\/ffw-eberstadt.de\/cms\/?page_id=29"},"modified":"2024-05-15T12:06:16","modified_gmt":"2024-05-15T10:06:16","slug":"impressum","status":"publish","type":"page","link":"http:\/\/ffw-eberstadt.de\/cms\/impressum\/","title":{"rendered":"Impressum"},"content":{"rendered":"<h2>Angaben gem\u00e4\u00df \u00a7 5 TMG:<\/h2>\n<p>Freiwillige Feuerwehr Eberstadt<br \/>\nIm Wiesengrund 19<br \/>\n<span class=\"_5yl5\" data-reactid=\".2n.1:$mid=11440511267814=2081853235f9bc70287.2:0.0.0.0.0\"><span data-reactid=\".2n.1:$mid=11440511267814=2081853235f9bc70287.2:0.0.0.0.0.0\"><span data-reactid=\".2n.1:$mid=11440511267814=2081853235f9bc70287.2:0.0.0.0.0.0.$end:0:$text0:0\">74246 <\/span><\/span><\/span>Eberstadt<\/p>\n<h3>Postanschrift<\/h3>\n<p>B\u00fcrgermeisteramt Eberstadt<\/p>\n<p>Hauptstra\u00dfe 39<br \/>\n74246 Eberstadt<\/p>\n<h2>Kontakt:<\/h2>\n<table>\n<tbody>\n<tr>\n<td>Telefon:<\/td>\n<td>07134 9808-0<\/td>\n<\/tr>\n<tr>\n<td>E-Mail:<\/td>\n<td>info@ffw-eberstadt.de<\/td>\n<\/tr>\n<\/tbody>\n<\/table>\n<h2>Quellenangaben f\u00fcr die verwendeten Bilder und Grafiken:<\/h2>\n<p>Die Bilder wurden mit freundlicher Unterst\u00fctzung von Hr. T.Kloppholz erstellt und zur Nutzung durch die FFW-Eberstadt bzw. der Website kostenfrei zur Verf\u00fcgung gestellt.<\/p>\n<h2>Verantwortlicher f\u00fcr redaktionelle Inhalte<\/h2>\n<blockquote><p>Marco Hinner<br \/>\nAm Neuen Weg 2<br \/>\n74246 Eberstadt<\/p>\n<p>e-Mail : kommandant@FFW-Eberstadt.de<\/p><\/blockquote>\n<p><span style=\"font-family: Arial;\">Das Landgericht Hamburg hat mit Urteil vom 12.05.1998 entschieden, da\u00df man durch die Ausbringung eines Links die Inhalte der gelinkten Seite ggf. mit zu verantworten hat. Dies kann &#8211; so das LG &#8211; nur dadurch verhindert werden, da\u00df man sich ausdr\u00fccklich von diesen Inhalten distanziert. Das Te@m der Freiwilligen Feuerwehr Eberstadt bietet auf seiner Homepage Links zu anderen Seiten im Internet an und stellt dar\u00fcber hinaus die M\u00f6glichkeit des Bannertausches unter den verschiedenen Mitgliederseiten her. F\u00fcr alle diese Links gilt: &#8222;Wir betonen ausdr\u00fccklich, da\u00df wir keinerlei Einflu\u00df auf die Gestaltung und die Inhalte der gelinkten Seiten haben. Deshalb distanzieren wir uns hiermit ausdr\u00fccklich von allen Inhalten aller gelinkten Seiten auf der Freiwilligen Feuerwehr Eberstadt inklusive aller Unterseiten. Diese Erkl\u00e4rung gilt f\u00fcr alle auf unserer Homepage angebrachten Links und f\u00fcr alle Inhalte der Seiten, zu denen Links oder Banner der Freiwilligen Feuerwehr Eberstadt und deren Mitglieder f\u00fchren.&#8220;<\/span><\/p>\n<p>Diese Seite verwendet <a title=\"Cookies - Wikipedia\" href=\"http:\/\/de.wikipedia.org\/wiki\/Cookie\" target=\"_blank\" rel=\"noopener\">Cookies<\/a>.\u00a0\u00a0 Diese Cookies werden von WordPress gesetzt. Was WordPress an Cookies setzt findet ihr <a title=\"Wordpress Cookies\" href=\"http:\/\/codex.wordpress.org\/WordPress_Cookies\" target=\"_blank\" rel=\"noopener\">HIER<\/a><\/p>\n<p><span style=\"font-family: Arial;\">Die Rechte an den auf dieser Seite genannten Produkte und Firmen sind meist eingetragene Warenzeichen und alle Rechte liegen bei deren Herstellern.<br \/>\nAlle Rechte vorbehalten.<\/span><\/p>\n<p>Bilder, Logos und Texte d\u00fcrfen nur nach ausdr\u00fccklicher Genehmigung vom Webseitenbetreiber kopiert werden. Dies gilt auch f\u00fcr Ortsans\u00e4ssige Vereine und St\u00e4dtische einrichtungen.<\/p>\n<p>\u00a9 2002-2024<\/p>\n<p>by Freiwillige Feuerwehr Eberstadt<br \/>\nAlle Angaben ohne Gew\u00e4hr !<\/p>\n<p>(Impressum mit freundlicher Unterst\u00fctzung durch <em><a href=\"http:\/\/www.e-recht24.de\">http:\/\/www.e-recht24.de<\/a><\/em> )<\/p>\n<p><!-- Start Partnerprogramm ALL-INKL.COM --><br \/>\n<a href=\"http:\/\/all-inkl.com\/?partner=124819\"><br \/>\n<img decoding=\"async\" src=\"http:\/\/all-inkl.com\/banner\/all-inkl_banner_88x31_hosted_by.gif\" alt=\"ALL-INKL.COM - Webhosting Server Hosting Domain Provider\" border=\"0\" \/><\/a><br \/>\n<!-- Ende Partnerprogramm --><\/p>\n","protected":false},"excerpt":{"rendered":"<p>Angaben gem\u00e4\u00df \u00a7 5 TMG: Freiwillige Feuerwehr Eberstadt Im Wiesengrund 19 74246 Eberstadt Postanschrift B\u00fcrgermeisteramt Eberstadt Hauptstra\u00dfe 39 74246 Eberstadt Kontakt: Telefon: 07134 9808-0 E-Mail: info@ffw-eberstadt.de Quellenangaben f\u00fcr die verwendeten Bilder und Grafiken: Die Bilder wurden mit freundlicher Unterst\u00fctzung von Hr. T.Kloppholz erstellt und zur Nutzung durch die FFW-Eberstadt bzw. der Website kostenfrei zur Verf\u00fcgung [&hellip;]<\/p>\n","protected":false},"author":1,"featured_media":0,"parent":0,"menu_order":999,"comment_status":"closed","ping_status":"closed","template":"","meta":{"footnotes":""},"_links":{"self":[{"href":"http:\/\/ffw-eberstadt.de\/cms\/wp-json\/wp\/v2\/pages\/29"}],"collection":[{"href":"http:\/\/ffw-eberstadt.de\/cms\/wp-json\/wp\/v2\/pages"}],"about":[{"href":"http:\/\/ffw-eberstadt.de\/cms\/wp-json\/wp\/v2\/types\/page"}],"author":[{"embeddable":true,"href":"http:\/\/ffw-eberstadt.de\/cms\/wp-json\/wp\/v2\/users\/1"}],"replies":[{"embeddable":true,"href":"http:\/\/ffw-eberstadt.de\/cms\/wp-json\/wp\/v2\/comments?post=29"}],"version-history":[{"count":22,"href":"http:\/\/ffw-eberstadt.de\/cms\/wp-json\/wp\/v2\/pages\/29\/revisions"}],"predecessor-version":[{"id":1417,"href":"http:\/\/ffw-eberstadt.de\/cms\/wp-json\/wp\/v2\/pages\/29\/revisions\/1417"}],"wp:attachment":[{"href":"http:\/\/ffw-eberstadt.de\/cms\/wp-json\/wp\/v2\/media?parent=29"}],"curies":[{"name":"wp","href":"https:\/\/api.w.org\/{rel}","templated":true}]}}