{"id":1326,"date":"2020-12-07T22:11:25","date_gmt":"2020-12-07T21:11:25","guid":{"rendered":"http:\/\/ffw-eberstadt.de\/cms\/?page_id=1326"},"modified":"2020-12-07T22:21:21","modified_gmt":"2020-12-07T21:21:21","slug":"mlf","status":"publish","type":"page","link":"http:\/\/ffw-eberstadt.de\/cms\/fahrzeugeausstattung\/mlf\/","title":{"rendered":"MLF"},"content":{"rendered":"\n<figure class=\"wp-block-image size-large\"><img loading=\"lazy\" decoding=\"async\" width=\"1900\" height=\"1424\" src=\"http:\/\/ffw-eberstadt.de\/cms\/wp-content\/uploads\/2020\/12\/MLF-Weinberg-Blaulicht-2-1-1900x1424.jpg\" alt=\"\" class=\"wp-image-1327\" srcset=\"http:\/\/ffw-eberstadt.de\/cms\/wp-content\/uploads\/2020\/12\/MLF-Weinberg-Blaulicht-2-1-1900x1424.jpg 1900w, http:\/\/ffw-eberstadt.de\/cms\/wp-content\/uploads\/2020\/12\/MLF-Weinberg-Blaulicht-2-1-500x375.jpg 500w, http:\/\/ffw-eberstadt.de\/cms\/wp-content\/uploads\/2020\/12\/MLF-Weinberg-Blaulicht-2-1-768x576.jpg 768w, http:\/\/ffw-eberstadt.de\/cms\/wp-content\/uploads\/2020\/12\/MLF-Weinberg-Blaulicht-2-1-1536x1151.jpg 1536w, http:\/\/ffw-eberstadt.de\/cms\/wp-content\/uploads\/2020\/12\/MLF-Weinberg-Blaulicht-2-1-2048x1535.jpg 2048w\" sizes=\"(max-width: 1900px) 100vw, 1900px\" \/><\/figure>\n\n\n\n<h2 class=\"wp-block-heading\">MLF<\/h2>\n\n\n\n<p>Mittleres L\u00f6schfahrzeug<\/p>\n\n\n\n<figure class=\"wp-block-table is-style-stripes\"><table class=\"\"><tbody><tr><td>Fahrgestell:<\/td><td>MAN  TGL 8.220 <\/td><\/tr><tr><td>Zul\u00e4ssiges Gesamtgewicht:<\/td><td>8,8t<\/td><\/tr><tr><td>Getriebe:<\/td><td>Automatisiertes Schaltgetriebe<\/td><\/tr><tr><td>Besatzung<\/td><td>1\/5 (6 Mann)<\/td><\/tr><tr><td>Pumpenleistung:<\/td><td>2500 l\/min<\/td><\/tr><tr><td>Wassertank:<\/td><td>1000 Liter<\/td><\/tr><tr><td>Einsatzzweck:<\/td><td>Brandbek\u00e4mpfung, Technische Hilfeleistung<\/td><\/tr><tr><td>Standort:<\/td><td>H\u00f6lzern<\/td><\/tr><tr><td>Funkrufname<\/td><td> Florian Eberstadt 2\/40 <\/td><\/tr><\/tbody><\/table><\/figure>\n\n\n\n<ul><li>Pneumatischer Lichtmast<\/li><li>Stromerzeuger 14 kVA<\/li><li>Hydraulisches Rettungsger\u00e4t<\/li><li>Akku-\u00dcberdruckl\u00fcfter<\/li><li>S\u00e4bels\u00e4ge<\/li><\/ul>\n\n\n\n<figure class=\"wp-block-gallery columns-3 is-cropped wp-block-gallery-1 is-layout-flex wp-block-gallery-is-layout-flex\"><ul class=\"blocks-gallery-grid\"><li class=\"blocks-gallery-item\"><figure><img loading=\"lazy\" decoding=\"async\" width=\"1900\" height=\"1425\" src=\"http:\/\/ffw-eberstadt.de\/cms\/wp-content\/uploads\/2020\/12\/MLF-Beifahrerseite-ZU-1-1900x1425.jpg\" alt=\"\" data-id=\"1331\" data-link=\"http:\/\/ffw-eberstadt.de\/cms\/mlf\/mlf-beifahrerseite-zu-1\/\" class=\"wp-image-1331\" srcset=\"http:\/\/ffw-eberstadt.de\/cms\/wp-content\/uploads\/2020\/12\/MLF-Beifahrerseite-ZU-1-1900x1425.jpg 1900w, http:\/\/ffw-eberstadt.de\/cms\/wp-content\/uploads\/2020\/12\/MLF-Beifahrerseite-ZU-1-500x375.jpg 500w, http:\/\/ffw-eberstadt.de\/cms\/wp-content\/uploads\/2020\/12\/MLF-Beifahrerseite-ZU-1-768x576.jpg 768w, http:\/\/ffw-eberstadt.de\/cms\/wp-content\/uploads\/2020\/12\/MLF-Beifahrerseite-ZU-1-1536x1152.jpg 1536w, http:\/\/ffw-eberstadt.de\/cms\/wp-content\/uploads\/2020\/12\/MLF-Beifahrerseite-ZU-1-2048x1536.jpg 2048w\" sizes=\"(max-width: 1900px) 100vw, 1900px\" \/><\/figure><\/li><li class=\"blocks-gallery-item\"><figure><img loading=\"lazy\" decoding=\"async\" width=\"1900\" height=\"1425\" src=\"http:\/\/ffw-eberstadt.de\/cms\/wp-content\/uploads\/2020\/12\/MLF-Fahrerseite-ZU-1-1900x1425.jpg\" alt=\"\" data-id=\"1332\" data-link=\"http:\/\/ffw-eberstadt.de\/cms\/mlf\/mlf-fahrerseite-zu-1\/\" class=\"wp-image-1332\" srcset=\"http:\/\/ffw-eberstadt.de\/cms\/wp-content\/uploads\/2020\/12\/MLF-Fahrerseite-ZU-1-1900x1425.jpg 1900w, http:\/\/ffw-eberstadt.de\/cms\/wp-content\/uploads\/2020\/12\/MLF-Fahrerseite-ZU-1-500x375.jpg 500w, http:\/\/ffw-eberstadt.de\/cms\/wp-content\/uploads\/2020\/12\/MLF-Fahrerseite-ZU-1-768x576.jpg 768w, http:\/\/ffw-eberstadt.de\/cms\/wp-content\/uploads\/2020\/12\/MLF-Fahrerseite-ZU-1-1536x1152.jpg 1536w, http:\/\/ffw-eberstadt.de\/cms\/wp-content\/uploads\/2020\/12\/MLF-Fahrerseite-ZU-1-2048x1536.jpg 2048w\" sizes=\"(max-width: 1900px) 100vw, 1900px\" \/><\/figure><\/li><li class=\"blocks-gallery-item\"><figure><img loading=\"lazy\" decoding=\"async\" width=\"1900\" height=\"1425\" src=\"http:\/\/ffw-eberstadt.de\/cms\/wp-content\/uploads\/2020\/12\/MLF-Lichtmast-gut-2-1900x1425.jpg\" alt=\"\" data-id=\"1333\" data-link=\"http:\/\/ffw-eberstadt.de\/cms\/mlf\/mlf-lichtmast-gut-2\/\" class=\"wp-image-1333\" srcset=\"http:\/\/ffw-eberstadt.de\/cms\/wp-content\/uploads\/2020\/12\/MLF-Lichtmast-gut-2-1900x1425.jpg 1900w, http:\/\/ffw-eberstadt.de\/cms\/wp-content\/uploads\/2020\/12\/MLF-Lichtmast-gut-2-500x375.jpg 500w, http:\/\/ffw-eberstadt.de\/cms\/wp-content\/uploads\/2020\/12\/MLF-Lichtmast-gut-2-768x576.jpg 768w, http:\/\/ffw-eberstadt.de\/cms\/wp-content\/uploads\/2020\/12\/MLF-Lichtmast-gut-2-1536x1152.jpg 1536w, http:\/\/ffw-eberstadt.de\/cms\/wp-content\/uploads\/2020\/12\/MLF-Lichtmast-gut-2-2048x1536.jpg 2048w\" sizes=\"(max-width: 1900px) 100vw, 1900px\" \/><\/figure><\/li><li class=\"blocks-gallery-item\"><figure><img loading=\"lazy\" decoding=\"async\" width=\"1900\" height=\"1425\" src=\"http:\/\/ffw-eberstadt.de\/cms\/wp-content\/uploads\/2020\/12\/MLF-Beifahrerseite-OFFEN-NAH-1-1900x1425.jpg\" alt=\"\" data-id=\"1334\" data-full-url=\"http:\/\/ffw-eberstadt.de\/cms\/wp-content\/uploads\/2020\/12\/MLF-Beifahrerseite-OFFEN-NAH-1-scaled.jpg\" data-link=\"http:\/\/ffw-eberstadt.de\/cms\/mlf\/mlf-beifahrerseite-offen-nah-1\/\" class=\"wp-image-1334\" srcset=\"http:\/\/ffw-eberstadt.de\/cms\/wp-content\/uploads\/2020\/12\/MLF-Beifahrerseite-OFFEN-NAH-1-1900x1425.jpg 1900w, http:\/\/ffw-eberstadt.de\/cms\/wp-content\/uploads\/2020\/12\/MLF-Beifahrerseite-OFFEN-NAH-1-500x375.jpg 500w, http:\/\/ffw-eberstadt.de\/cms\/wp-content\/uploads\/2020\/12\/MLF-Beifahrerseite-OFFEN-NAH-1-768x576.jpg 768w, http:\/\/ffw-eberstadt.de\/cms\/wp-content\/uploads\/2020\/12\/MLF-Beifahrerseite-OFFEN-NAH-1-1536x1152.jpg 1536w, http:\/\/ffw-eberstadt.de\/cms\/wp-content\/uploads\/2020\/12\/MLF-Beifahrerseite-OFFEN-NAH-1-2048x1536.jpg 2048w\" sizes=\"(max-width: 1900px) 100vw, 1900px\" \/><\/figure><\/li><li class=\"blocks-gallery-item\"><figure><img loading=\"lazy\" decoding=\"async\" width=\"1900\" height=\"1425\" src=\"http:\/\/ffw-eberstadt.de\/cms\/wp-content\/uploads\/2020\/12\/MLF-Fahrerseite-OFFEN-1-1900x1425.jpg\" alt=\"\" data-id=\"1335\" data-full-url=\"http:\/\/ffw-eberstadt.de\/cms\/wp-content\/uploads\/2020\/12\/MLF-Fahrerseite-OFFEN-1-scaled.jpg\" data-link=\"http:\/\/ffw-eberstadt.de\/cms\/mlf\/mlf-fahrerseite-offen-1\/\" class=\"wp-image-1335\" srcset=\"http:\/\/ffw-eberstadt.de\/cms\/wp-content\/uploads\/2020\/12\/MLF-Fahrerseite-OFFEN-1-1900x1425.jpg 1900w, http:\/\/ffw-eberstadt.de\/cms\/wp-content\/uploads\/2020\/12\/MLF-Fahrerseite-OFFEN-1-500x375.jpg 500w, http:\/\/ffw-eberstadt.de\/cms\/wp-content\/uploads\/2020\/12\/MLF-Fahrerseite-OFFEN-1-768x576.jpg 768w, http:\/\/ffw-eberstadt.de\/cms\/wp-content\/uploads\/2020\/12\/MLF-Fahrerseite-OFFEN-1-1536x1152.jpg 1536w, http:\/\/ffw-eberstadt.de\/cms\/wp-content\/uploads\/2020\/12\/MLF-Fahrerseite-OFFEN-1-2048x1536.jpg 2048w\" sizes=\"(max-width: 1900px) 100vw, 1900px\" \/><\/figure><\/li><li class=\"blocks-gallery-item\"><figure><img loading=\"lazy\" decoding=\"async\" width=\"1900\" height=\"1425\" src=\"http:\/\/ffw-eberstadt.de\/cms\/wp-content\/uploads\/2020\/12\/MLF-R\u00fcck-OFFEN-2-1-1900x1425.jpg\" alt=\"\" data-id=\"1339\" data-full-url=\"http:\/\/ffw-eberstadt.de\/cms\/wp-content\/uploads\/2020\/12\/MLF-R\u00fcck-OFFEN-2-1-scaled.jpg\" data-link=\"http:\/\/ffw-eberstadt.de\/cms\/mlf\/mlf-rueck-offen-2-1\/\" class=\"wp-image-1339\" srcset=\"http:\/\/ffw-eberstadt.de\/cms\/wp-content\/uploads\/2020\/12\/MLF-R\u00fcck-OFFEN-2-1-1900x1425.jpg 1900w, http:\/\/ffw-eberstadt.de\/cms\/wp-content\/uploads\/2020\/12\/MLF-R\u00fcck-OFFEN-2-1-500x375.jpg 500w, http:\/\/ffw-eberstadt.de\/cms\/wp-content\/uploads\/2020\/12\/MLF-R\u00fcck-OFFEN-2-1-768x576.jpg 768w, http:\/\/ffw-eberstadt.de\/cms\/wp-content\/uploads\/2020\/12\/MLF-R\u00fcck-OFFEN-2-1-1536x1152.jpg 1536w, http:\/\/ffw-eberstadt.de\/cms\/wp-content\/uploads\/2020\/12\/MLF-R\u00fcck-OFFEN-2-1-2048x1536.jpg 2048w\" sizes=\"(max-width: 1900px) 100vw, 1900px\" \/><\/figure><\/li><\/ul><figcaption class=\"blocks-gallery-caption\">Bilder zum Fahrzeug<\/figcaption><\/figure>\n\n\n\n<p><\/p>\n","protected":false},"excerpt":{"rendered":"<p>MLF Mittleres L\u00f6schfahrzeug Fahrgestell: MAN TGL 8.220 Zul\u00e4ssiges Gesamtgewicht: 8,8t Getriebe: Automatisiertes Schaltgetriebe Besatzung 1\/5 (6 Mann) Pumpenleistung: 2500 l\/min Wassertank: 1000 Liter Einsatzzweck: Brandbek\u00e4mpfung, Technische Hilfeleistung Standort: H\u00f6lzern Funkrufname Florian Eberstadt 2\/40 Pneumatischer Lichtmast Stromerzeuger 14 kVA Hydraulisches Rettungsger\u00e4t Akku-\u00dcberdruckl\u00fcfter S\u00e4bels\u00e4ge<\/p>\n","protected":false},"author":2,"featured_media":0,"parent":104,"menu_order":5,"comment_status":"closed","ping_status":"closed","template":"","meta":{"footnotes":""},"_links":{"self":[{"href":"http:\/\/ffw-eberstadt.de\/cms\/wp-json\/wp\/v2\/pages\/1326"}],"collection":[{"href":"http:\/\/ffw-eberstadt.de\/cms\/wp-json\/wp\/v2\/pages"}],"about":[{"href":"http:\/\/ffw-eberstadt.de\/cms\/wp-json\/wp\/v2\/types\/page"}],"author":[{"embeddable":true,"href":"http:\/\/ffw-eberstadt.de\/cms\/wp-json\/wp\/v2\/users\/2"}],"replies":[{"embeddable":true,"href":"http:\/\/ffw-eberstadt.de\/cms\/wp-json\/wp\/v2\/comments?post=1326"}],"version-history":[{"count":3,"href":"http:\/\/ffw-eberstadt.de\/cms\/wp-json\/wp\/v2\/pages\/1326\/revisions"}],"predecessor-version":[{"id":1340,"href":"http:\/\/ffw-eberstadt.de\/cms\/wp-json\/wp\/v2\/pages\/1326\/revisions\/1340"}],"up":[{"embeddable":true,"href":"http:\/\/ffw-eberstadt.de\/cms\/wp-json\/wp\/v2\/pages\/104"}],"wp:attachment":[{"href":"http:\/\/ffw-eberstadt.de\/cms\/wp-json\/wp\/v2\/media?parent=1326"}],"curies":[{"name":"wp","href":"https:\/\/api.w.org\/{rel}","templated":true}]}}