{"id":991,"date":"2018-07-22T19:51:00","date_gmt":"2018-07-22T17:51:00","guid":{"rendered":"http:\/\/ffw-eberstadt.de\/cms\/?post_type=einsatz&#038;p=991"},"modified":"2018-07-29T12:39:52","modified_gmt":"2018-07-29T10:39:52","slug":"strasse-ueberflutet","status":"publish","type":"einsatz","link":"http:\/\/ffw-eberstadt.de\/cms\/einsaetze\/strasse-ueberflutet\/","title":{"rendered":"Stra\u00dfe \u00fcberflutet"},"content":{"rendered":"<p>Stra\u00dfe nach Starkregen \u00fcberflutet, sowie Kanaldeckel aus der Stra\u00dfe gehoben.<\/p>\n<p>Kanaldeckel wieder eingesetzt, sowie \u00fcberflutete Stra\u00dfenbereiche abgepumpt.<\/p>\n","protected":false},"author":2,"featured_media":0,"template":"","meta":{"einsatz_weight":1,"footnotes":""},"categories":[],"tags":[],"einsatzart":[40],"fahrzeug":[47,17,43],"exteinsatzmittel":[],"alarmierungsart":[],"evw_unit":[],"_links":{"self":[{"href":"http:\/\/ffw-eberstadt.de\/cms\/wp-json\/wp\/v2\/einsatz\/991"}],"collection":[{"href":"http:\/\/ffw-eberstadt.de\/cms\/wp-json\/wp\/v2\/einsatz"}],"about":[{"href":"http:\/\/ffw-eberstadt.de\/cms\/wp-json\/wp\/v2\/types\/einsatz"}],"author":[{"embeddable":true,"href":"http:\/\/ffw-eberstadt.de\/cms\/wp-json\/wp\/v2\/users\/2"}],"version-history":[{"count":2,"href":"http:\/\/ffw-eberstadt.de\/cms\/wp-json\/wp\/v2\/einsatz\/991\/revisions"}],"predecessor-version":[{"id":999,"href":"http:\/\/ffw-eberstadt.de\/cms\/wp-json\/wp\/v2\/einsatz\/991\/revisions\/999"}],"wp:attachment":[{"href":"http:\/\/ffw-eberstadt.de\/cms\/wp-json\/wp\/v2\/media?parent=991"}],"wp:term":[{"taxonomy":"category","embeddable":true,"href":"http:\/\/ffw-eberstadt.de\/cms\/wp-json\/wp\/v2\/categories?post=991"},{"taxonomy":"post_tag","embeddable":true,"href":"http:\/\/ffw-eberstadt.de\/cms\/wp-json\/wp\/v2\/tags?post=991"},{"taxonomy":"einsatzart","embeddable":true,"href":"http:\/\/ffw-eberstadt.de\/cms\/wp-json\/wp\/v2\/einsatzart?post=991"},{"taxonomy":"fahrzeug","embeddable":true,"href":"http:\/\/ffw-eberstadt.de\/cms\/wp-json\/wp\/v2\/fahrzeug?post=991"},{"taxonomy":"exteinsatzmittel","embeddable":true,"href":"http:\/\/ffw-eberstadt.de\/cms\/wp-json\/wp\/v2\/exteinsatzmittel?post=991"},{"taxonomy":"alarmierungsart","embeddable":true,"href":"http:\/\/ffw-eberstadt.de\/cms\/wp-json\/wp\/v2\/alarmierungsart?post=991"},{"taxonomy":"evw_unit","embeddable":true,"href":"http:\/\/ffw-eberstadt.de\/cms\/wp-json\/wp\/v2\/evw_unit?post=991"}],"curies":[{"name":"wp","href":"https:\/\/api.w.org\/{rel}","templated":true}]}}

Straße überflutet

<p>Straße nach Starkregen überflutet, sowie Kanaldeckel aus der Straße gehoben.</p>
<p>Kanaldeckel wieder eingesetzt, sowie überflutete Straßenbereiche abgepumpt.</p>
